+ 6. Let u(m) = -5*m**3 - 4*m**2 - 9*m + 2. Let a(h) = -4*k(h) + 11*u(h). Let w = 2 + -4. What is a(w)?
4
Let q(r) = 2*r**2 + r + 3. Let d(i) = 7*i**2 + 9*i + 19. Let f(n) = d(n) - 4*q(n). Give f(5).
7
Let n(w) = w**3 + w**2 + w - 20. Suppose -m + 31 - 1 = 0. Suppose 23*c = 26*c - m. Suppose -c*s = -14*s. What is n(s)?
-20
Let b(a) = a**2 + 9*a + 5. Let d = 51 - 50. Let z be (-2013)/(-88) - d/(-8). Suppose -z = 4*l + 5. Calculate b(l).
-9
Let v(t) = -2*t**3 + 9*t**2 + 22*t + 93. Let w be v(7). Let h(r) = 2*r**3 - r**2 - 2*r - 3. Calculate h(w).
5
Let s(t) = -2 + 2*t + 1 - 1 + 0 - 5*t**2. Let p be -2 - (48/(-18) - -2)*30/5. What is s(p)?
-18
Let o(x) = 11*x + 111. Let j be 13 + 1/(-1) - 22. What is o(j)?
1
Let f(d) = 3*d + 38. Let a(k) = -k - 15. Let z(m) = -7*a(m) - 3*f(m). Suppose 11 - 3 = 2*t. Let c = -2 - t. Calculate z(c).
3
Suppose 5*c = 4*s + 12, 4*c = -3*s + s + 20. Suppose 2*b - 6 = s*o, -8*b + 3*b - 3*o = -31. Let p(m) = m**2 - 10*m + 7. Calculate p(b).
-18
Let p be (-354)/(-18) - ((-4)/(-6))/(-2). Let q(d) = 15*d - p - d**2 + 3*d - 17*d. What is q(0)?
-20
Let m(a) be the second derivative of a**4/12 + a**3 + 3*a**2 - a. Let c(h) = 10*h - 40. Let r be c(5). Let u be -1 + (6 + -1 - r). Calculate m(u).
6
Let x be 1 + (-52)/(208/16). Let j(t) = -6*t**2 - 3*t + 2. Calculate j(x).
-43
Let z be 6/4 - (-13243)/38. Let o(f) = -175 - 8*f + f**2 + z - 173. Give o(4).
-14
Let k be (-1 - (-10)/6) + (-1334)/(-6). Let w(d) = 2 + k*d - 221*d - 3. Give w(-7).
-15
Let o be ((-8)/(-14))/(9 + 2431/(-273)). Let k(j) = j**2 - 3*j - 10. What is k(o)?
8
Let q(u) = u + 1. Let n be q(0). Let p(v) be the second derivative of 1/2*v**2 - 271*v + 5/6*v**3 + 0. Give p(n).
6
Let q(y) be the first derivative of y**4/2 + 2*y**3/3 + y + 184. Suppose m + l + 6 = -3*l, -3*l = 3*m + 9. Give q(m).
-7
Let p(g) = 12*g**2 - 2*g - 7. Let n(s) = 12*s**2 - 2*s - 8. Let i(l) = -6*n(l) + 7*p(l). Let r(v) = v**2 + 2*v + 1 - 2*v**2 - 4 + 1. Let o be r(1). Give i(o).
13
Suppose -34*l = -2*f - 29*l + 25, 4*f = 4*l + 20. Let v(n) be the second derivative of 28*n + 0*n**3 + 1/12*n**4 + f + 3*n**2. What is v(0)?
6
Suppose -5*k - 30 = -10. Let q(b) = b**2 - 4*b + 1. Let f be q(0). Let u(p) = -p**2 + 8 - 4*p + f - 10 + 0. Calculate u(k).
-1
Let o(a) = -25*a**3 - 131*a**2 + 160*a + 139. Let t(x) = -14*x**3 - 68*x**2 + 80*x + 69. Let d(f) = 5*o(f) - 9*t(f). Calculate d(41).
-8
Let b(o) = 4*o**3 + 89930363 - 89930363. Calculate b(-2).
-32
Let m(t) = 11*t**2 + 6*t - 5. Let x(i) = -10*i**2 - 4*i + 5. Let z(d) = -2*m(d) - 3*x(d). Calculate z(2).
27
Let j(d) = -d**3 - 4*d**2 + 2. Suppose 0 = 4*i - 5*f - 65, i + 5*f = f + 11. Suppose -84*l + i = -89*l. What is j(l)?
-7
Let k(m) = -2*m - 4. Let v = 12874 + -12878. Determine k(v).
4
Let b(o) = 8*o**2 + 27*o - 5. Let h(t) = 15*t**2 + 52*t - 10. Let j(l) = 17*b(l) - 9*h(l). Give j(12).
41
Let n be 2 + (0 - 0)/(5 + -3). Let h(z) = -4*z + 2*z + 3*z - 5*z + 3*z - n. What is h(5)?
-7
Let w(y) be the second derivative of y**4/4 - y**3/3 - y**2 + 2*y. Let o = 4317 - 4315. Give w(o).
6
Let k(t) = 3*t**2 - 3*t - 1. Let i(j) = -22*j - 1098. Let r be i(-50). Give k(r).
5
Let z(b) be the second derivative of b**5/20 - 5*b**4/2 + 14*b**3/3 + 29*b**2/2 - 2169*b - 2. Give z(29).
0
Let t(n) be the second derivative of -n**5/20 + 7*n**4/12 - n**3/6 + 3*n**2/2 + 3390*n. Determine t(6).
33
Let u be -3*5/45*-39. Suppose 0 = -u*n - 143 + 39. Let k(t) = t**2 + 10*t + 11. What is k(n)?
-5
Suppose 4*s - 2*d - 236 = 0, -5*s - 4*d + 33 = -275. Let m(a) = 0 - 61*a**2 - 16*a - 20 + 28*a + s*a**2. Calculate m(10).
0
Let z(j) = 1074*j - 18. Let a(m) = 184*m - 3. Let d(l) = 35*a(l) - 6*z(l). Determine d(15).
-57
Let f(a) = a**3 - 9*a**2 + 31*a - 123. Let o be f(7). Let l(i) = -4*i + 0 - 2 - i - 2*i**2. Determine l(o).
-14
Let x(j) = j**2 + j - 1. Let n(q) = -2*q - 50. Let t be n(0). Let a = t - -47. Determine x(a).
5
Let n(v) = 5*v**2 + 29*v - 25. Let c(x) = -2*x**2 - 10*x + 8. Suppose 14*z + 10 = 52. Let a(q) = z*n(q) + 8*c(q). What is a(5)?
-1
Let l = 16 - 7. Let h = l - 14. Let a(i) be the second derivative of -i**5/20 - 5*i**4/12 + i**3/3 + i**2 + i. Calculate a(h).
-8
Let p(b) = 14*b**2 + b. Let n be ((-3)/(-2))/(9/(-132)). Let d = 25 + n. Let u be d/(-9)*(-18)/6. What is p(u)?
15
Suppose -26*b = 1654 - 4358. Suppose -b = 20*p - 12*p. Let z(k) = -k**2 - 11*k + 19. What is z(p)?
-7
Let j(b) = -b**2 + 1. Let p(s) = 3*s**2 - 4*s - 40. Let v(w) = 2*j(w) + p(w). Let q(k) be the first derivative of v(k). Let u = 44 + -39. Give q(u).
6
Let g(x) be the second derivative of 5*x**3/6 - 13*x**2 - 12*x + 15. Determine g(5).
-1
Suppose 0 = -9*o + 14*o - 10. Let k(s) = 4*s - 45. Let p(y) = -y + 10. Let c(j) = o*k(j) + 9*p(j). What is c(7)?
-7
Let r(n) = -n - 8. Suppose 10*p = -4*l + 9*p - 3, -l + 12 = -4*p. Suppose l = -821*s + 820*s - 6. What is r(s)?
-2
Let s = 35 + -11. Let t be s - -1 - 5*(-6)/(-30). Let k = 23 - t. Let o(y) = 5*y**2 - y. Calculate o(k).
6
Let h(d) = -d**2 - 3*d + 4. Let b = -307 - 119. Let s = -430 - b. Give h(s).
0
Let l = 771 + -771. Let w(c) = 0 - 99*c - 4 - 2 + c**3 + 107*c + l - 9*c**2. Determine w(8).
-6
Let x(d) = 45 - 19 - 23 - 5*d + 3*d. Let h(j) = j**2 - 16. Let v be h(6). Suppose -73*n - v = -69*n. Determine x(n).
13
Let x(m) be the first derivative of 3*m**2 - 4*m - 2131. Calculate x(1).
2
Let f(p) = 2*p**2 - 19*p + 33. Suppose -137*z - 118*z = 151*z - 3248. Calculate f(z).
9
Let k(m) be the first derivative of m**4/4 + m**3/3 + m**2/2 - 7*m + 1. Suppose 30*r = -36*r - 63*r. What is k(r)?
-7
Let g = 3384 - 3378. Let f(z) = 3*z - 24. Determine f(g).
-6
Let y(q) be the first derivative of 8*q**2 - 288. Determine y(-2).
-32
Let c(o) be the second derivative of o**4/12 + 2*o**3/3 - 7*o**2/2 + 24*o - 1. Let y(v) = -v**3 + v**2 + 14*v - 30. Let l be y(2). What is c(l)?
5
Let k(s) = -s + s**3 + 9*s**2 - 3 - 2*s**2 + 12. Let j(b) = 4*b**2 - 10*b - 12. Let l be j(6). Let w = l - 79. What is k(w)?
16
Let t = -11327 + 11329. Let k(f) be the first derivative of -24 + t*f + 1/2*f**2. Give k(-2).
0
Suppose 5*l - 36 = 3*m, 0*m + 3*m = 2*l - 18. Let i(k) = 2442*k - 3. Let z(w) = -4272*w + 6. Let d(v) = 7*i(v) + 4*z(v). Determine d(l).
39
Let t be (-19)/2 - (-1)/2. Let l(h) = 5*h - h**3 - 9068 + 5*h + 3035 + 3029 - 8*h**2 + 3017. What is l(t)?
4
Let u(z) = -z**3 + 4*z**2 + 4*z - 6. Suppose 3*c = 6 + 9. Let b be (-1)/((-5)/(-3)) + (-12)/c. Let o be b - (-9 - 0 - (-1 - 0)). Give u(o).
-11
Let x(d) = 5 - 9*d**2 - 3 - 3. Suppose -90*i = -87*i - 3*f + 6, -1 = -f. What is x(i)?
-10
Let o(r) = -12*r**2 + r**2 - 6*r - 23*r**2 + 4 + 35*r**2. Calculate o(3).
-5
Let s = -1 + 10. Let x be s/(-3) + (0 - 3) + 12. Let r(w) = -15*w**2 + w**3 - 4*w - 1 + 5*w**2 + w + x*w**2. Calculate r(5).
9
Let z(h) be the first derivative of 5*h**2 + 5*h - 111. Let o(r) = -21*r - 11. Let w(i) = -6*o(i) - 13*z(i). What is w(-9)?
37
Let k(u) = u**2 + 2*u - 841. Let i be k(-30). Let f(z) = -7*z**3 - z**2 - 6*z - 5. What is f(i)?
7
Let p(i) be the first derivative of -i**3/3 - i**2/2 - 2. Let o(c) = 5*c + 61. Let l = 135 - 147. Let f be o(l). Give p(f).
-2
Let z(i) = i**2 - 9*i + 10. Let k(m) = m - 1. Let w(p) = -4*k(p) - z(p). What is w(3)?
0
Let s(k) = k**2 + 109*k + 329. Let g be s(-106). Let f(l) = l - 49. Calculate f(g).
-38
Let z = 169/396 - 35/198. Let g(c) be the first derivative of -z*c**4 - 3*c**2 + 17 - 4*c - 5/3*c**3. Calculate g(-4).
4
Let l(r) = r**3 - 5*r**2 + 13*r - 31. Let c be l(4). Let q be 9/(54/30) + c. Let x(h) = -h - 8. Determine x(q).
-18
Let l = -5 + 9. Suppose -c = 2*n - 87, -225 = n - 6*n - 4*c. Let z(j) = 0*j + j - 44 + n. Determine z(l).
1
Suppose 4*i - 5*i = 2. Let n be (i*1 - -1)/((-1)/(-6)). Let j(a) = -275*a + 93*a - 2 + 93*a + 88*a. Give j(n).
4
Let c = 43 - 38. Suppose -6*k = -c*k + 2, 4*s = 4*k. Let j(p) = 9*p + 1. Calculate j(s).
-17
Suppose 0 = -11*l + 440 + 220. Suppose -j - 4*j = -l. Let o(q) = 0*q + 20 - q - j. What is o(7)?
1
Let u(l) = -2*l**3 + 2*l**2 + l - 623. Let h(w) = w**3 - w**2 + 313. Let b(j) = 5*h(j) + 3*u(j). Let f(d) be the first derivative of b(d). Calculate f(3).
-18
Let g(x) = x**3 + x**2 + x - 8. Let p(l) = -77*l + 117. Let d be p(3). Let c = 114 + d. Calculate g(c).
-8
Let v(h) = h**3 - 9*h**2 + 11*h - 9. Suppose 5*b + s - 38 = 0, -6*s + s = 